{"id":211,"date":"2024-07-13T16:44:11","date_gmt":"2024-07-13T14:44:11","guid":{"rendered":"http:\/\/www.cieleszevadees.com\/?page_id=211"},"modified":"2025-01-09T15:08:11","modified_gmt":"2025-01-09T14:08:11","slug":"poudres-aux-yeux","status":"publish","type":"page","link":"https:\/\/www.cieleszevadees.com\/index.php\/spectacles-2\/poudres-aux-yeux\/","title":{"rendered":"Poudres aux yeux"},"content":{"rendered":"\n<p><\/p>\n\n\n\n<p><\/p>\n\n\n\n<pre class=\"wp-block-verse has-text-align-center has-system-font-font-family\" style=\"font-style:normal;font-weight:300\">La ru\u00e9e vers l'or. La conqu\u00eate du libre et de l'ailleurs.<br><br>Trois individus, parmi tant d'autres, sont pr\u00e9cipit\u00e9s dans l'engrenage des espoirs d\u00e9chus.<br><br>Face et entre les barri\u00e8res, dans un espace toujours plus surveill\u00e9, plus exigu, sous le regard de ceux qui disent \u00ab veiller \u00bb, les corps tentent de s'\u00e9chapper, <br>de s'exprimer, sans vaciller.<br><br>\u200bA travers plusieurs espaces cr\u00e9\u00e9s et transform\u00e9s par celui qui \u00abveille\u00bb, la pi\u00e8ce interroge non seulement la libre circulation des individus mais aussi l'\u00e9volution du point de vue sur l'autre sous diff\u00e9rents aspects et dispositifs.<br><br><\/pre>\n\n\n\n<pre class=\"wp-block-verse has-text-align-center has-base-color has-text-color has-link-color has-system-font-font-family wp-elements-428104cd7576f84f6753526911956d27\" style=\"font-style:normal;font-weight:300\">Cette cr\u00e9ation fait librement allusion \u00e0 des syst\u00e8mes de surveillance au centre de fictions comme 1984 d'Orwell ou bien d\u00e9velopp\u00e9s sous la politique actuelle. La mise en sc\u00e8ne et la sc\u00e9nographie permettent \u00e9galement d'interroger la place du spectateur et son regard t\u00e9moin dans la pi\u00e8ce.<br><br><br><\/pre>\n\n\n\n<pre class=\"wp-block-verse has-text-align-center has-base-color has-text-color has-link-color has-system-font-font-family has-medium-font-size wp-elements-ef6484a16cdcf8738580108a7fcb2265\" style=\"font-style:normal;font-weight:300\"><br>D\u00e9couvrez le teaser <a href=\"https:\/\/www.youtube.com\/watch?v=Ay3CIDJD3TM\" data-type=\"link\" data-id=\"https:\/\/www.youtube.com\/watch?v=Ay3CIDJD3TM\" target=\"_blank\" rel=\"noreferrer noopener\">ici<\/a><br><br><\/pre>\n\n\n\n<p class=\"has-system-font-font-family has-small-font-size\" style=\"font-style:normal;font-weight:300\">Direction artistique : M\u00e9lissa Martinez<br>Interpr\u00e9tation et collaboration : Bela Balsa, Cathy H\u00e9rouard, M\u00e9lissa Martinez et Anthony Tricard<br>Textes : Anthony Tricard<br>Sc\u00e9nographie et costumes : Luc Martinez, M\u00e9lissa Martinez et Bruno Valente<br>Sons et lumi\u00e8res : Ludovic Moulinard<br><br>Soutiens &amp; partenaires : Cie du S\u00fbr Saut, Th\u00e9\u00e2tre galerie verbale le Paradis (P\u00e9rigueux), Auditorium Fran\u00e7ois Mitterrand (Bergerac) <br><\/p>\n\n\n\n<pre class=\"wp-block-verse has-bad-script-font-family\"><br><br><br><\/pre>\n\n\n\n<figure class=\"wp-block-gallery has-nested-images columns-default is-cropped wp-block-gallery-1 is-layout-flex wp-block-gallery-is-layout-flex\">\n<figure class=\"wp-block-image size-large\"><a href=\"https:\/\/www.cieleszevadees.com\/wp-content\/uploads\/2024\/07\/4-scaled.jpg\" target=\"_blank\" rel=\"noopener\"><img loading=\"lazy\" decoding=\"async\" width=\"1024\" height=\"683\" data-id=\"224\" src=\"https:\/\/www.cieleszevadees.com\/wp-content\/uploads\/2024\/07\/4-1024x683.jpg\" alt=\"\" class=\"wp-image-224\" srcset=\"https:\/\/www.cieleszevadees.com\/wp-content\/uploads\/2024\/07\/4-1024x683.jpg 1024w, https:\/\/www.cieleszevadees.com\/wp-content\/uploads\/2024\/07\/4-300x200.jpg 300w, https:\/\/www.cieleszevadees.com\/wp-content\/uploads\/2024\/07\/4-768x512.jpg 768w, https:\/\/www.cieleszevadees.com\/wp-content\/uploads\/2024\/07\/4-1536x1024.jpg 1536w, https:\/\/www.cieleszevadees.com\/wp-content\/uploads\/2024\/07\/4-2048x1365.jpg 2048w, https:\/\/www.cieleszevadees.com\/wp-content\/uploads\/2024\/07\/4-1620x1080.jpg 1620w\" sizes=\"auto, (max-width: 1024px) 100vw, 1024px\" \/><\/a><\/figure>\n\n\n\n<figure class=\"wp-block-image size-large\"><a href=\"https:\/\/www.cieleszevadees.com\/wp-content\/uploads\/2024\/10\/IMG_9944-scaled.jpg\" target=\"_blank\" rel=\"noopener\"><img loading=\"lazy\" decoding=\"async\" width=\"1024\" height=\"683\" data-id=\"650\" src=\"https:\/\/www.cieleszevadees.com\/wp-content\/uploads\/2024\/10\/IMG_9944-1024x683.jpg\" alt=\"\" class=\"wp-image-650\" srcset=\"https:\/\/www.cieleszevadees.com\/wp-content\/uploads\/2024\/10\/IMG_9944-1024x683.jpg 1024w, https:\/\/www.cieleszevadees.com\/wp-content\/uploads\/2024\/10\/IMG_9944-300x200.jpg 300w, https:\/\/www.cieleszevadees.com\/wp-content\/uploads\/2024\/10\/IMG_9944-768x512.jpg 768w, https:\/\/www.cieleszevadees.com\/wp-content\/uploads\/2024\/10\/IMG_9944-1536x1024.jpg 1536w, https:\/\/www.cieleszevadees.com\/wp-content\/uploads\/2024\/10\/IMG_9944-2048x1365.jpg 2048w\" sizes=\"auto, (max-width: 1024px) 100vw, 1024px\" \/><\/a><\/figure>\n\n\n\n<figure class=\"wp-block-image size-large\"><a href=\"https:\/\/www.cieleszevadees.com\/wp-content\/uploads\/2024\/07\/credit-photo-Pauline-Fournier-scaled.jpg\" target=\"_blank\" rel=\"noopener\"><img loading=\"lazy\" decoding=\"async\" width=\"683\" height=\"1024\" data-id=\"76\" src=\"https:\/\/www.cieleszevadees.com\/wp-content\/uploads\/2024\/07\/credit-photo-Pauline-Fournier-683x1024.jpg\" alt=\"\" class=\"wp-image-76\" srcset=\"https:\/\/www.cieleszevadees.com\/wp-content\/uploads\/2024\/07\/credit-photo-Pauline-Fournier-683x1024.jpg 683w, https:\/\/www.cieleszevadees.com\/wp-content\/uploads\/2024\/07\/credit-photo-Pauline-Fournier-200x300.jpg 200w, https:\/\/www.cieleszevadees.com\/wp-content\/uploads\/2024\/07\/credit-photo-Pauline-Fournier-768x1152.jpg 768w, https:\/\/www.cieleszevadees.com\/wp-content\/uploads\/2024\/07\/credit-photo-Pauline-Fournier-1024x1536.jpg 1024w, https:\/\/www.cieleszevadees.com\/wp-content\/uploads\/2024\/07\/credit-photo-Pauline-Fournier-1365x2048.jpg 1365w, https:\/\/www.cieleszevadees.com\/wp-content\/uploads\/2024\/07\/credit-photo-Pauline-Fournier-720x1080.jpg 720w, https:\/\/www.cieleszevadees.com\/wp-content\/uploads\/2024\/07\/credit-photo-Pauline-Fournier-scaled.jpg 1707w\" sizes=\"auto, (max-width: 683px) 100vw, 683px\" \/><\/a><\/figure>\n\n\n\n<figure class=\"wp-block-image size-large\"><a href=\"https:\/\/www.cieleszevadees.com\/wp-content\/uploads\/2024\/10\/P1050895-scaled.jpg\" target=\"_blank\" rel=\"noopener\"><img loading=\"lazy\" decoding=\"async\" width=\"1024\" height=\"769\" data-id=\"647\" src=\"https:\/\/www.cieleszevadees.com\/wp-content\/uploads\/2024\/10\/P1050895-1024x769.jpg\" alt=\"\" class=\"wp-image-647\" srcset=\"https:\/\/www.cieleszevadees.com\/wp-content\/uploads\/2024\/10\/P1050895-1024x769.jpg 1024w, https:\/\/www.cieleszevadees.com\/wp-content\/uploads\/2024\/10\/P1050895-300x225.jpg 300w, https:\/\/www.cieleszevadees.com\/wp-content\/uploads\/2024\/10\/P1050895-768x576.jpg 768w, https:\/\/www.cieleszevadees.com\/wp-content\/uploads\/2024\/10\/P1050895-1536x1153.jpg 1536w, https:\/\/www.cieleszevadees.com\/wp-content\/uploads\/2024\/10\/P1050895-2048x1537.jpg 2048w\" sizes=\"auto, (max-width: 1024px) 100vw, 1024px\" \/><\/a><\/figure>\n\n\n\n<figure class=\"wp-block-image size-large\"><a href=\"https:\/\/www.cieleszevadees.com\/wp-content\/uploads\/2024\/07\/IMG_9834-scaled.jpg\" target=\"_blank\" rel=\"noopener\"><img decoding=\"async\" data-id=\"225\" src=\"https:\/\/www.cieleszevadees.com\/wp-content\/uploads\/2024\/07\/IMG_9834-scaled-e1729667683582-1024x392.jpg\" alt=\"\" class=\"wp-image-225\"\/><\/a><\/figure>\n\n\n\n<figure class=\"wp-block-image size-large\"><a href=\"https:\/\/www.cieleszevadees.com\/wp-content\/uploads\/2024\/07\/IMG_9976-edited-scaled.jpg\" target=\"_blank\" rel=\"noopener\"><img loading=\"lazy\" decoding=\"async\" width=\"607\" height=\"1024\" data-id=\"231\" src=\"https:\/\/www.cieleszevadees.com\/wp-content\/uploads\/2024\/07\/IMG_9976-edited-607x1024.jpg\" alt=\"\" class=\"wp-image-231\" srcset=\"https:\/\/www.cieleszevadees.com\/wp-content\/uploads\/2024\/07\/IMG_9976-edited-607x1024.jpg 607w, https:\/\/www.cieleszevadees.com\/wp-content\/uploads\/2024\/07\/IMG_9976-edited-178x300.jpg 178w, https:\/\/www.cieleszevadees.com\/wp-content\/uploads\/2024\/07\/IMG_9976-edited-768x1296.jpg 768w, https:\/\/www.cieleszevadees.com\/wp-content\/uploads\/2024\/07\/IMG_9976-edited-910x1536.jpg 910w, https:\/\/www.cieleszevadees.com\/wp-content\/uploads\/2024\/07\/IMG_9976-edited-1214x2048.jpg 1214w, https:\/\/www.cieleszevadees.com\/wp-content\/uploads\/2024\/07\/IMG_9976-edited-640x1080.jpg 640w, https:\/\/www.cieleszevadees.com\/wp-content\/uploads\/2024\/07\/IMG_9976-edited-scaled.jpg 1517w\" sizes=\"auto, (max-width: 607px) 100vw, 607px\" \/><\/a><\/figure>\n\n\n\n<figure class=\"wp-block-image size-large\"><a href=\"https:\/\/www.cieleszevadees.com\/wp-content\/uploads\/2024\/07\/2-scaled.jpg\" target=\"_blank\" rel=\"noopener\"><img loading=\"lazy\" decoding=\"async\" width=\"683\" height=\"1024\" data-id=\"223\" src=\"https:\/\/www.cieleszevadees.com\/wp-content\/uploads\/2024\/07\/2-683x1024.jpg\" alt=\"\" class=\"wp-image-223\" srcset=\"https:\/\/www.cieleszevadees.com\/wp-content\/uploads\/2024\/07\/2-683x1024.jpg 683w, https:\/\/www.cieleszevadees.com\/wp-content\/uploads\/2024\/07\/2-200x300.jpg 200w, https:\/\/www.cieleszevadees.com\/wp-content\/uploads\/2024\/07\/2-768x1152.jpg 768w, https:\/\/www.cieleszevadees.com\/wp-content\/uploads\/2024\/07\/2-1024x1536.jpg 1024w, https:\/\/www.cieleszevadees.com\/wp-content\/uploads\/2024\/07\/2-1365x2048.jpg 1365w, https:\/\/www.cieleszevadees.com\/wp-content\/uploads\/2024\/07\/2-720x1080.jpg 720w, https:\/\/www.cieleszevadees.com\/wp-content\/uploads\/2024\/07\/2-scaled.jpg 1707w\" sizes=\"auto, (max-width: 683px) 100vw, 683px\" \/><\/a><\/figure>\n\n\n\n<figure class=\"wp-block-image size-large\"><a href=\"https:\/\/www.cieleszevadees.com\/wp-content\/uploads\/2024\/07\/IMG_9919-scaled.jpg\" target=\"_blank\" rel=\"noopener\"><img loading=\"lazy\" decoding=\"async\" width=\"1024\" height=\"683\" data-id=\"227\" src=\"https:\/\/www.cieleszevadees.com\/wp-content\/uploads\/2024\/07\/IMG_9919-1024x683.jpg\" alt=\"\" class=\"wp-image-227\" srcset=\"https:\/\/www.cieleszevadees.com\/wp-content\/uploads\/2024\/07\/IMG_9919-1024x683.jpg 1024w, https:\/\/www.cieleszevadees.com\/wp-content\/uploads\/2024\/07\/IMG_9919-300x200.jpg 300w, https:\/\/www.cieleszevadees.com\/wp-content\/uploads\/2024\/07\/IMG_9919-768x512.jpg 768w, https:\/\/www.cieleszevadees.com\/wp-content\/uploads\/2024\/07\/IMG_9919-1536x1024.jpg 1536w, https:\/\/www.cieleszevadees.com\/wp-content\/uploads\/2024\/07\/IMG_9919-2048x1365.jpg 2048w, https:\/\/www.cieleszevadees.com\/wp-content\/uploads\/2024\/07\/IMG_9919-1620x1080.jpg 1620w\" sizes=\"auto, (max-width: 1024px) 100vw, 1024px\" \/><\/a><\/figure>\n\n\n\n<figure class=\"wp-block-image size-large\"><a href=\"https:\/\/www.cieleszevadees.com\/wp-content\/uploads\/2024\/10\/8-scaled.jpg\" target=\"_blank\" rel=\"noopener\"><img loading=\"lazy\" decoding=\"async\" width=\"1024\" height=\"683\" data-id=\"648\" src=\"https:\/\/www.cieleszevadees.com\/wp-content\/uploads\/2024\/10\/8-1024x683.jpg\" alt=\"\" class=\"wp-image-648\" srcset=\"https:\/\/www.cieleszevadees.com\/wp-content\/uploads\/2024\/10\/8-1024x683.jpg 1024w, https:\/\/www.cieleszevadees.com\/wp-content\/uploads\/2024\/10\/8-300x200.jpg 300w, https:\/\/www.cieleszevadees.com\/wp-content\/uploads\/2024\/10\/8-768x512.jpg 768w, https:\/\/www.cieleszevadees.com\/wp-content\/uploads\/2024\/10\/8-1536x1024.jpg 1536w, https:\/\/www.cieleszevadees.com\/wp-content\/uploads\/2024\/10\/8-2048x1365.jpg 2048w\" sizes=\"auto, (max-width: 1024px) 100vw, 1024px\" \/><\/a><\/figure>\n\n\n\n<figure class=\"wp-block-image size-large\"><a href=\"https:\/\/www.cieleszevadees.com\/wp-content\/uploads\/2024\/10\/IMG_0015-scaled.jpg\" target=\"_blank\" rel=\"noopener\"><img loading=\"lazy\" decoding=\"async\" width=\"1024\" height=\"683\" data-id=\"649\" src=\"https:\/\/www.cieleszevadees.com\/wp-content\/uploads\/2024\/10\/IMG_0015-1024x683.jpg\" alt=\"\" class=\"wp-image-649\" srcset=\"https:\/\/www.cieleszevadees.com\/wp-content\/uploads\/2024\/10\/IMG_0015-1024x683.jpg 1024w, https:\/\/www.cieleszevadees.com\/wp-content\/uploads\/2024\/10\/IMG_0015-300x200.jpg 300w, https:\/\/www.cieleszevadees.com\/wp-content\/uploads\/2024\/10\/IMG_0015-768x512.jpg 768w, https:\/\/www.cieleszevadees.com\/wp-content\/uploads\/2024\/10\/IMG_0015-1536x1024.jpg 1536w, https:\/\/www.cieleszevadees.com\/wp-content\/uploads\/2024\/10\/IMG_0015-2048x1365.jpg 2048w\" sizes=\"auto, (max-width: 1024px) 100vw, 1024px\" \/><\/a><\/figure>\n\n\n\n<figure class=\"wp-block-image size-large\"><a href=\"https:\/\/www.cieleszevadees.com\/wp-content\/uploads\/2024\/10\/IMG_0022-scaled.jpg\" target=\"_blank\" rel=\"noopener\"><img loading=\"lazy\" decoding=\"async\" width=\"683\" height=\"1024\" data-id=\"646\" src=\"https:\/\/www.cieleszevadees.com\/wp-content\/uploads\/2024\/10\/IMG_0022-683x1024.jpg\" alt=\"\" class=\"wp-image-646\" srcset=\"https:\/\/www.cieleszevadees.com\/wp-content\/uploads\/2024\/10\/IMG_0022-683x1024.jpg 683w, https:\/\/www.cieleszevadees.com\/wp-content\/uploads\/2024\/10\/IMG_0022-200x300.jpg 200w, https:\/\/www.cieleszevadees.com\/wp-content\/uploads\/2024\/10\/IMG_0022-768x1152.jpg 768w, https:\/\/www.cieleszevadees.com\/wp-content\/uploads\/2024\/10\/IMG_0022-1024x1536.jpg 1024w, https:\/\/www.cieleszevadees.com\/wp-content\/uploads\/2024\/10\/IMG_0022-1365x2048.jpg 1365w, https:\/\/www.cieleszevadees.com\/wp-content\/uploads\/2024\/10\/IMG_0022-scaled.jpg 1707w\" sizes=\"auto, (max-width: 683px) 100vw, 683px\" \/><\/a><\/figure>\n\n\n\n<figure class=\"wp-block-image size-large\"><a href=\"https:\/\/www.cieleszevadees.com\/wp-content\/uploads\/2024\/07\/IMG_9889-scaled.jpg\" target=\"_blank\" rel=\"noopener\"><img loading=\"lazy\" decoding=\"async\" width=\"683\" height=\"1024\" data-id=\"226\" src=\"https:\/\/www.cieleszevadees.com\/wp-content\/uploads\/2024\/07\/IMG_9889-683x1024.jpg\" alt=\"\" class=\"wp-image-226\" srcset=\"https:\/\/www.cieleszevadees.com\/wp-content\/uploads\/2024\/07\/IMG_9889-683x1024.jpg 683w, https:\/\/www.cieleszevadees.com\/wp-content\/uploads\/2024\/07\/IMG_9889-200x300.jpg 200w, https:\/\/www.cieleszevadees.com\/wp-content\/uploads\/2024\/07\/IMG_9889-768x1152.jpg 768w, https:\/\/www.cieleszevadees.com\/wp-content\/uploads\/2024\/07\/IMG_9889-1024x1536.jpg 1024w, https:\/\/www.cieleszevadees.com\/wp-content\/uploads\/2024\/07\/IMG_9889-1365x2048.jpg 1365w, https:\/\/www.cieleszevadees.com\/wp-content\/uploads\/2024\/07\/IMG_9889-720x1080.jpg 720w, https:\/\/www.cieleszevadees.com\/wp-content\/uploads\/2024\/07\/IMG_9889-scaled.jpg 1707w\" sizes=\"auto, (max-width: 683px) 100vw, 683px\" \/><\/a><\/figure>\n\n\n\n<figure class=\"wp-block-image size-large\"><a href=\"https:\/\/www.cieleszevadees.com\/wp-content\/uploads\/2024\/07\/IMG_9986-1-scaled.jpg\" target=\"_blank\" rel=\"noopener\"><img loading=\"lazy\" decoding=\"async\" width=\"683\" height=\"1024\" data-id=\"229\" src=\"https:\/\/www.cieleszevadees.com\/wp-content\/uploads\/2024\/07\/IMG_9986-1-683x1024.jpg\" alt=\"\" class=\"wp-image-229\" srcset=\"https:\/\/www.cieleszevadees.com\/wp-content\/uploads\/2024\/07\/IMG_9986-1-683x1024.jpg 683w, https:\/\/www.cieleszevadees.com\/wp-content\/uploads\/2024\/07\/IMG_9986-1-200x300.jpg 200w, https:\/\/www.cieleszevadees.com\/wp-content\/uploads\/2024\/07\/IMG_9986-1-768x1152.jpg 768w, https:\/\/www.cieleszevadees.com\/wp-content\/uploads\/2024\/07\/IMG_9986-1-1024x1536.jpg 1024w, https:\/\/www.cieleszevadees.com\/wp-content\/uploads\/2024\/07\/IMG_9986-1-1365x2048.jpg 1365w, https:\/\/www.cieleszevadees.com\/wp-content\/uploads\/2024\/07\/IMG_9986-1-720x1080.jpg 720w, https:\/\/www.cieleszevadees.com\/wp-content\/uploads\/2024\/07\/IMG_9986-1-scaled.jpg 1707w\" sizes=\"auto, (max-width: 683px) 100vw, 683px\" \/><\/a><\/figure>\n<\/figure>\n","protected":false},"excerpt":{"rendered":"<p>La ru\u00e9e vers l&rsquo;or. La conqu\u00eate du libre et de l&rsquo;ailleurs.Trois individus, parmi tant d&rsquo;autres, sont pr\u00e9cipit\u00e9s dans l&rsquo;engrenage des espoirs d\u00e9chus.Face et entre les barri\u00e8res, dans un espace toujours plus surveill\u00e9, plus exigu, sous le regard de ceux qui disent \u00ab veiller \u00bb, les corps tentent de s&rsquo;\u00e9chapper, de s&rsquo;exprimer, sans vaciller.\u200bA travers plusieurs [&hellip;]<\/p>\n","protected":false},"author":1,"featured_media":225,"parent":217,"menu_order":0,"comment_status":"closed","ping_status":"closed","template":"","meta":{"footnotes":""},"class_list":["post-211","page","type-page","status-publish","has-post-thumbnail","hentry"],"_links":{"self":[{"href":"https:\/\/www.cieleszevadees.com\/index.php\/wp-json\/wp\/v2\/pages\/211","targetHints":{"allow":["GET"]}}],"collection":[{"href":"https:\/\/www.cieleszevadees.com\/index.php\/wp-json\/wp\/v2\/pages"}],"about":[{"href":"https:\/\/www.cieleszevadees.com\/index.php\/wp-json\/wp\/v2\/types\/page"}],"author":[{"embeddable":true,"href":"https:\/\/www.cieleszevadees.com\/index.php\/wp-json\/wp\/v2\/users\/1"}],"replies":[{"embeddable":true,"href":"https:\/\/www.cieleszevadees.com\/index.php\/wp-json\/wp\/v2\/comments?post=211"}],"version-history":[{"count":32,"href":"https:\/\/www.cieleszevadees.com\/index.php\/wp-json\/wp\/v2\/pages\/211\/revisions"}],"predecessor-version":[{"id":759,"href":"https:\/\/www.cieleszevadees.com\/index.php\/wp-json\/wp\/v2\/pages\/211\/revisions\/759"}],"up":[{"embeddable":true,"href":"https:\/\/www.cieleszevadees.com\/index.php\/wp-json\/wp\/v2\/pages\/217"}],"wp:featuredmedia":[{"embeddable":true,"href":"https:\/\/www.cieleszevadees.com\/index.php\/wp-json\/wp\/v2\/media\/225"}],"wp:attachment":[{"href":"https:\/\/www.cieleszevadees.com\/index.php\/wp-json\/wp\/v2\/media?parent=211"}],"curies":[{"name":"wp","href":"https:\/\/api.w.org\/{rel}","templated":true}]}}