{"id":1050,"date":"2026-09-05T15:43:01","date_gmt":"2026-09-05T13:43:01","guid":{"rendered":"https:\/\/www.cieleszevadees.com\/?page_id=1050"},"modified":"2026-09-05T16:05:18","modified_gmt":"2026-09-05T14:05:18","slug":"autour-des-creations","status":"publish","type":"page","link":"https:\/\/www.cieleszevadees.com\/index.php\/les-zevadees\/ateliers-choregraphiques\/autour-des-creations\/","title":{"rendered":"Autour des cr\u00e9ations"},"content":{"rendered":"\n<p class=\"has-text-align-center wp-block-paragraph\">Des ateliers chor\u00e9graphiques sont r\u00e9guli\u00e8rement mis en place autour des cr\u00e9ations avec diff\u00e9rents partenaires en Dordogne (Communaut\u00e9 d&rsquo;Agglom\u00e9ration Bergeracoise, Maison Familiale et Rurale de La Force, groupe de jeunes issu du public local, bij espace jeunes de Bergerac, etc.)<\/p>\n\n\n\n<div style=\"height:37px\" aria-hidden=\"true\" class=\"wp-block-spacer\"><\/div>\n\n\n\n<p class=\"has-text-align-center wp-block-paragraph\">Ces ateliers s\u2019adressent \u00e0 tout type de public : adultes, des jeunes de 13 \u00e0 18 ans, avec des restitutions dans diff\u00e9rents lieux (restitution au Clo\u00eetre des R\u00e9collets de Bergerac, au Centre culturel Michel Manet \u00e0 Bergerac, Espace Fran\u00e7ois Mitterrand de Bergerac dans le cadre du festival Zone A Danser, etc).<br>Le si\u00e8ge de la compagnie se situe en milieu rural et celle-ci consid\u00e8re comme primordial de diffuser la danse contemporaine aupr\u00e8s de tous types de publics et dans tous les environnements possibles, d&rsquo;autant plus pour les publics qui n&rsquo;ont pas l&rsquo;habitude d&rsquo;aller voir du spectacle vivant.<\/p>\n\n\n\n<div style=\"height:37px\" aria-hidden=\"true\" class=\"wp-block-spacer\"><\/div>\n\n\n\n<p class=\"has-text-align-center wp-block-paragraph\">C&rsquo;est pourquoi Les Z\u2019\u00e9vad\u00e9es sont ouvertes \u00e0 toutes formes de m\u00e9diations :<br>Ateliers chor\u00e9graphiques dans les \u00e9coles, coll\u00e8ges, lyc\u00e9es, ou autre type d\u2019\u00e9tablissement avec restitution (ou non).<\/p>\n\n\n\n<div style=\"height:37px\" aria-hidden=\"true\" class=\"wp-block-spacer\"><\/div>\n\n\n\n<p class=\"has-text-align-center wp-block-paragraph\">Autres formes de rencontres : discussions, bords de sc\u00e8ne \u00e0 l&rsquo;issue d&rsquo;une repr\u00e9sentation scolaire ou non, <\/p>\n\n\n\n<p class=\"has-text-align-center wp-block-paragraph\">et autres formes \u00e0 inventer avec les diff\u00e9rents interlocuteurs.<\/p>\n\n\n\n<p class=\"wp-block-paragraph\"><\/p>\n\n\n\n<div style=\"height:37px\" aria-hidden=\"true\" class=\"wp-block-spacer\"><\/div>\n\n\n\n<p class=\"wp-block-paragraph\">Ci-dessous quelques exemples de cr\u00e9ations r\u00e9alis\u00e9es autour des cr\u00e9ations de la compagnie&#8230;.<\/p>\n\n\n\n<p class=\"wp-block-paragraph\">Soutiens \/ partenaires : BIJ ESPACE JEUNES, CAB, Association Ribambelle<\/p>\n\n\n\n<div style=\"height:37px\" aria-hidden=\"true\" class=\"wp-block-spacer\"><\/div>\n\n\n\n<p class=\"wp-block-paragraph\">Autour de <em><strong>Poudres aux yeux<\/strong><\/em>, <\/p>\n\n\n\n<p class=\"wp-block-paragraph\">Entr\u00e9e du centre culturel Michel Manet, en amont du concert de Jeanne Added, d\u00e9cembre 2023<\/p>\n\n\n\n<div style=\"height:54px\" aria-hidden=\"true\" class=\"wp-block-spacer\"><\/div>\n\n\n\n<figure class=\"wp-block-gallery has-nested-images columns-default is-cropped wp-block-gallery-1 is-layout-flex wp-block-gallery-is-layout-flex\">\n<figure class=\"wp-block-image size-large\"><img loading=\"lazy\" decoding=\"async\" width=\"1024\" height=\"636\" data-id=\"584\" src=\"https:\/\/www.cieleszevadees.com\/wp-content\/uploads\/2024\/10\/1-1024x636.jpg\" alt=\"\" class=\"wp-image-584\" srcset=\"https:\/\/www.cieleszevadees.com\/wp-content\/uploads\/2024\/10\/1-1024x636.jpg 1024w, https:\/\/www.cieleszevadees.com\/wp-content\/uploads\/2024\/10\/1-300x186.jpg 300w, https:\/\/www.cieleszevadees.com\/wp-content\/uploads\/2024\/10\/1-768x477.jpg 768w, https:\/\/www.cieleszevadees.com\/wp-content\/uploads\/2024\/10\/1-1536x953.jpg 1536w, https:\/\/www.cieleszevadees.com\/wp-content\/uploads\/2024\/10\/1-2048x1271.jpg 2048w\" sizes=\"auto, (max-width: 1024px) 100vw, 1024px\" \/><\/figure>\n<\/figure>\n\n\n\n<div style=\"height:117px\" aria-hidden=\"true\" class=\"wp-block-spacer\"><\/div>\n\n\n\n<p class=\"wp-block-paragraph\"><\/p>\n\n\n\n<p class=\"wp-block-paragraph\">Autour de <strong><em>les z&rsquo;\u00e9vad\u00e9es chap II : \u00e0 la rencontre de Guliver<\/em><\/strong>, Clo\u00eetre des R\u00e9collets, Bergerac, juin 2023 (production Cie du S\u00fbr Saut)\u00a0<\/p>\n\n\n\n<div style=\"height:55px\" aria-hidden=\"true\" class=\"wp-block-spacer\"><\/div>\n\n\n\n<figure class=\"wp-block-gallery has-nested-images columns-default is-cropped wp-block-gallery-2 is-layout-flex wp-block-gallery-is-layout-flex\">\n<figure class=\"wp-block-image size-large\"><img loading=\"lazy\" decoding=\"async\" width=\"461\" height=\"1024\" data-id=\"588\" src=\"https:\/\/www.cieleszevadees.com\/wp-content\/uploads\/2024\/10\/370625270_6429061670541111_5769157976281415679_n-461x1024.jpg\" alt=\"\" class=\"wp-image-588\" srcset=\"https:\/\/www.cieleszevadees.com\/wp-content\/uploads\/2024\/10\/370625270_6429061670541111_5769157976281415679_n-461x1024.jpg 461w, https:\/\/www.cieleszevadees.com\/wp-content\/uploads\/2024\/10\/370625270_6429061670541111_5769157976281415679_n-135x300.jpg 135w, https:\/\/www.cieleszevadees.com\/wp-content\/uploads\/2024\/10\/370625270_6429061670541111_5769157976281415679_n-691x1536.jpg 691w, https:\/\/www.cieleszevadees.com\/wp-content\/uploads\/2024\/10\/370625270_6429061670541111_5769157976281415679_n.jpg 720w\" sizes=\"auto, (max-width: 461px) 100vw, 461px\" \/><\/figure>\n\n\n\n<figure class=\"wp-block-image size-large\"><img loading=\"lazy\" decoding=\"async\" width=\"461\" height=\"1024\" data-id=\"587\" src=\"https:\/\/www.cieleszevadees.com\/wp-content\/uploads\/2024\/10\/370517897_6429061720541106_1691790823347966572_n-461x1024.jpg\" alt=\"\" class=\"wp-image-587\" srcset=\"https:\/\/www.cieleszevadees.com\/wp-content\/uploads\/2024\/10\/370517897_6429061720541106_1691790823347966572_n-461x1024.jpg 461w, https:\/\/www.cieleszevadees.com\/wp-content\/uploads\/2024\/10\/370517897_6429061720541106_1691790823347966572_n-135x300.jpg 135w, https:\/\/www.cieleszevadees.com\/wp-content\/uploads\/2024\/10\/370517897_6429061720541106_1691790823347966572_n-691x1536.jpg 691w, https:\/\/www.cieleszevadees.com\/wp-content\/uploads\/2024\/10\/370517897_6429061720541106_1691790823347966572_n.jpg 720w\" sizes=\"auto, (max-width: 461px) 100vw, 461px\" \/><\/figure>\n\n\n\n<figure class=\"wp-block-image size-large\"><img loading=\"lazy\" decoding=\"async\" width=\"461\" height=\"1024\" data-id=\"586\" src=\"https:\/\/www.cieleszevadees.com\/wp-content\/uploads\/2024\/10\/370491743_6429061667207778_4644154562427409353_n-461x1024.jpg\" alt=\"\" class=\"wp-image-586\" srcset=\"https:\/\/www.cieleszevadees.com\/wp-content\/uploads\/2024\/10\/370491743_6429061667207778_4644154562427409353_n-461x1024.jpg 461w, https:\/\/www.cieleszevadees.com\/wp-content\/uploads\/2024\/10\/370491743_6429061667207778_4644154562427409353_n-135x300.jpg 135w, https:\/\/www.cieleszevadees.com\/wp-content\/uploads\/2024\/10\/370491743_6429061667207778_4644154562427409353_n-691x1536.jpg 691w, https:\/\/www.cieleszevadees.com\/wp-content\/uploads\/2024\/10\/370491743_6429061667207778_4644154562427409353_n.jpg 720w\" sizes=\"auto, (max-width: 461px) 100vw, 461px\" \/><\/figure>\n<\/figure>\n\n\n\n<p class=\"wp-block-paragraph\"><\/p>\n\n\n\n<p class=\"wp-block-paragraph\"><\/p>\n\n\n\n<p class=\"wp-block-paragraph\"><\/p>\n\n\n\n<p class=\"wp-block-paragraph\"><\/p>\n","protected":false},"excerpt":{"rendered":"<p>Des ateliers chor\u00e9graphiques sont r\u00e9guli\u00e8rement mis en place autour des cr\u00e9ations avec diff\u00e9rents partenaires en Dordogne (Communaut\u00e9 d&rsquo;Agglom\u00e9ration Bergeracoise, Maison Familiale et Rurale de La Force, groupe de jeunes issu du public local, bij espace jeunes de Bergerac, etc.) Ces ateliers s\u2019adressent \u00e0 tout type de public : adultes, des jeunes de 13 \u00e0 18 [&hellip;]<\/p>\n","protected":false},"author":1,"featured_media":581,"parent":518,"menu_order":0,"comment_status":"closed","ping_status":"closed","template":"","meta":{"footnotes":""},"class_list":["post-1050","page","type-page","status-publish","has-post-thumbnail","hentry"],"_links":{"self":[{"href":"https:\/\/www.cieleszevadees.com\/index.php\/wp-json\/wp\/v2\/pages\/1050","targetHints":{"allow":["GET"]}}],"collection":[{"href":"https:\/\/www.cieleszevadees.com\/index.php\/wp-json\/wp\/v2\/pages"}],"about":[{"href":"https:\/\/www.cieleszevadees.com\/index.php\/wp-json\/wp\/v2\/types\/page"}],"author":[{"embeddable":true,"href":"https:\/\/www.cieleszevadees.com\/index.php\/wp-json\/wp\/v2\/users\/1"}],"replies":[{"embeddable":true,"href":"https:\/\/www.cieleszevadees.com\/index.php\/wp-json\/wp\/v2\/comments?post=1050"}],"version-history":[{"count":11,"href":"https:\/\/www.cieleszevadees.com\/index.php\/wp-json\/wp\/v2\/pages\/1050\/revisions"}],"predecessor-version":[{"id":1070,"href":"https:\/\/www.cieleszevadees.com\/index.php\/wp-json\/wp\/v2\/pages\/1050\/revisions\/1070"}],"up":[{"embeddable":true,"href":"https:\/\/www.cieleszevadees.com\/index.php\/wp-json\/wp\/v2\/pages\/518"}],"wp:featuredmedia":[{"embeddable":true,"href":"https:\/\/www.cieleszevadees.com\/index.php\/wp-json\/wp\/v2\/media\/581"}],"wp:attachment":[{"href":"https:\/\/www.cieleszevadees.com\/index.php\/wp-json\/wp\/v2\/media?parent=1050"}],"curies":[{"name":"wp","href":"https:\/\/api.w.org\/{rel}","templated":true}]}}

Autour des créations

<p class="has-text-align-center wp-block-paragraph">Des ateliers chorégraphiques sont régulièrement mis en place autour des créations avec différents partenaires en Dordogne (Communauté d&rsquo;Agglomération Bergeracoise, Maison Familiale et Rurale de La Force, groupe de jeunes issu du public local, bij espace jeunes de Bergerac, etc.)</p>



<div style="height:37px" aria-hidden="true" class="wp-block-spacer"></div>



<p class="has-text-align-center wp-block-paragraph">Ces ateliers s’adressent à tout type de public : adultes, des jeunes de 13 à 18 ans, avec des restitutions dans différents lieux (restitution au Cloître des Récollets de Bergerac, au Centre culturel Michel Manet à Bergerac, Espace François Mitterrand de Bergerac dans le cadre du festival Zone A Danser, etc).<br>Le siège de la compagnie se situe en milieu rural et celle-ci considère comme primordial de diffuser la danse contemporaine auprès de tous types de publics et dans tous les environnements possibles, d&rsquo;autant plus pour les publics qui n&rsquo;ont pas l&rsquo;habitude d&rsquo;aller voir du spectacle vivant.</p>



<div style="height:37px" aria-hidden="true" class="wp-block-spacer"></div>



<p class="has-text-align-center wp-block-paragraph">C&rsquo;est pourquoi Les Z’évadées sont ouvertes à toutes formes de médiations :<br>Ateliers chorégraphiques dans les écoles, collèges, lycées, ou autre type d’établissement avec restitution (ou non).</p>



<div style="height:37px" aria-hidden="true" class="wp-block-spacer"></div>



<p class="has-text-align-center wp-block-paragraph">Autres formes de rencontres : discussions, bords de scène à l&rsquo;issue d&rsquo;une représentation scolaire ou non, </p>



<p class="has-text-align-center wp-block-paragraph">et autres formes à inventer avec les différents interlocuteurs.</p>



<p class="wp-block-paragraph"></p>



<div style="height:37px" aria-hidden="true" class="wp-block-spacer"></div>



<p class="wp-block-paragraph">Ci-dessous quelques exemples de créations réalisées autour des créations de la compagnie&#8230;.</p>



<p class="wp-block-paragraph">Soutiens / partenaires : BIJ ESPACE JEUNES, CAB, Association Ribambelle</p>



<div style="height:37px" aria-hidden="true" class="wp-block-spacer"></div>



<p class="wp-block-paragraph">Autour de <em><strong>Poudres aux yeux</strong></em>, </p>



<p class="wp-block-paragraph">Entrée du centre culturel Michel Manet, en amont du concert de Jeanne Added, décembre 2023</p>



<div style="height:54px" aria-hidden="true" class="wp-block-spacer"></div>



<figure class="wp-block-gallery has-nested-images columns-default is-cropped wp-block-gallery-1 is-layout-flex wp-block-gallery-is-layout-flex">
<figure class="wp-block-image size-large"><img loading="lazy" decoding="async" width="1024" height="636" data-id="584" src="https://www.cieleszevadees.com/wp-content/uploads/2024/10/1-1024x636.jpg" alt="" class="wp-image-584" srcset="https://www.cieleszevadees.com/wp-content/uploads/2024/10/1-1024x636.jpg 1024w, https://www.cieleszevadees.com/wp-content/uploads/2024/10/1-300x186.jpg 300w, https://www.cieleszevadees.com/wp-content/uploads/2024/10/1-768x477.jpg 768w, https://www.cieleszevadees.com/wp-content/uploads/2024/10/1-1536x953.jpg 1536w, https://www.cieleszevadees.com/wp-content/uploads/2024/10/1-2048x1271.jpg 2048w" sizes="auto, (max-width: 1024px) 100vw, 1024px" /></figure>
</figure>



<div style="height:117px" aria-hidden="true" class="wp-block-spacer"></div>



<p class="wp-block-paragraph"></p>



<p class="wp-block-paragraph">Autour de <strong><em>les z&rsquo;évadées chap II : à la rencontre de Guliver</em></strong>, Cloître des Récollets, Bergerac, juin 2023 (production Cie du Sûr Saut) </p>



<div style="height:55px" aria-hidden="true" class="wp-block-spacer"></div>



<figure class="wp-block-gallery has-nested-images columns-default is-cropped wp-block-gallery-2 is-layout-flex wp-block-gallery-is-layout-flex">
<figure class="wp-block-image size-large"><img loading="lazy" decoding="async" width="461" height="1024" data-id="588" src="https://www.cieleszevadees.com/wp-content/uploads/2024/10/370625270_6429061670541111_5769157976281415679_n-461x1024.jpg" alt="" class="wp-image-588" srcset="https://www.cieleszevadees.com/wp-content/uploads/2024/10/370625270_6429061670541111_5769157976281415679_n-461x1024.jpg 461w, https://www.cieleszevadees.com/wp-content/uploads/2024/10/370625270_6429061670541111_5769157976281415679_n-135x300.jpg 135w, https://www.cieleszevadees.com/wp-content/uploads/2024/10/370625270_6429061670541111_5769157976281415679_n-691x1536.jpg 691w, https://www.cieleszevadees.com/wp-content/uploads/2024/10/370625270_6429061670541111_5769157976281415679_n.jpg 720w" sizes="auto, (max-width: 461px) 100vw, 461px" /></figure>



<figure class="wp-block-image size-large"><img loading="lazy" decoding="async" width="461" height="1024" data-id="587" src="https://www.cieleszevadees.com/wp-content/uploads/2024/10/370517897_6429061720541106_1691790823347966572_n-461x1024.jpg" alt="" class="wp-image-587" srcset="https://www.cieleszevadees.com/wp-content/uploads/2024/10/370517897_6429061720541106_1691790823347966572_n-461x1024.jpg 461w, https://www.cieleszevadees.com/wp-content/uploads/2024/10/370517897_6429061720541106_1691790823347966572_n-135x300.jpg 135w, https://www.cieleszevadees.com/wp-content/uploads/2024/10/370517897_6429061720541106_1691790823347966572_n-691x1536.jpg 691w, https://www.cieleszevadees.com/wp-content/uploads/2024/10/370517897_6429061720541106_1691790823347966572_n.jpg 720w" sizes="auto, (max-width: 461px) 100vw, 461px" /></figure>



<figure class="wp-block-image size-large"><img loading="lazy" decoding="async" width="461" height="1024" data-id="586" src="https://www.cieleszevadees.com/wp-content/uploads/2024/10/370491743_6429061667207778_4644154562427409353_n-461x1024.jpg" alt="" class="wp-image-586" srcset="https://www.cieleszevadees.com/wp-content/uploads/2024/10/370491743_6429061667207778_4644154562427409353_n-461x1024.jpg 461w, https://www.cieleszevadees.com/wp-content/uploads/2024/10/370491743_6429061667207778_4644154562427409353_n-135x300.jpg 135w, https://www.cieleszevadees.com/wp-content/uploads/2024/10/370491743_6429061667207778_4644154562427409353_n-691x1536.jpg 691w, https://www.cieleszevadees.com/wp-content/uploads/2024/10/370491743_6429061667207778_4644154562427409353_n.jpg 720w" sizes="auto, (max-width: 461px) 100vw, 461px" /></figure>
</figure>



<p class="wp-block-paragraph"></p>



<p class="wp-block-paragraph"></p>



<p class="wp-block-paragraph"></p>



<p class="wp-block-paragraph"></p>

<p>Des ateliers chorégraphiques sont régulièrement mis en place autour des créations avec différents partenaires en Dordogne (Communauté d&rsquo;Agglomération Bergeracoise, Maison Familiale et Rurale de La Force, groupe de jeunes issu du public local, bij espace jeunes de Bergerac, etc.) Ces ateliers s’adressent à tout type de public : adultes, des jeunes de 13 à 18 [&hellip;]</p>
